d by 62?
49
What is the remainder when 1678 is divided by 236?
26
What is the remainder when 1017126 is divided by 1148?
1146
Calculate the remainder when 13253 is divided by 3.
2
What is the remainder when 3524880 is divided by 889?
884
What is the remainder when 110838 is divided by 739?
727
What is the remainder when 67036 is divided by 411?
43
Calculate the remainder when 802767 is divided by 200688.
15
What is the remainder when 6483 is divided by 38?
23
Calculate the remainder when 106772 is divided by 1286.
34
What is the remainder when 818158 is divided by 21?
19
Calculate the remainder when 131492 is divided by 93.
83
What is the remainder when 110597 is divided by 19?
17
Calculate the remainder when 1813 is divided by 804.
205
Calculate the remainder when 34286 is divided by 100.
86
What is the remainder when 39158 is divided by 6518?
50
What is the remainder when 5914 is divided by 1969?
7
What is the remainder when 30444 is divided by 1597?
101
Calculate the remainder when 12188 is divided by 1328.
236
What is the remainder when 20473 is divided by 299?
141
What is the remainder when 88167 is divided by 14?
9
What is the remainder when 7474 is divided by 201?
37
Calculate the remainder when 2491 is divided by 439.
296
What is the remainder when 126958 is divided by 58?
54
Calculate the remainder when 1988691 is divided by 34.
31
What is the remainder when 3422 is divided by 1676?
70
Calculate the remainder when 549 is divided by 98.
59
Calculate the remainder when 14626 is divided by 209.
205
What is the remainder when 174684 is divided by 75?
9
What is the remainder when 13936 is divided by 4641?
13
What is the remainder when 2800 is divided by 807?
379
What is the remainder when 1395 is divided by 87?
3
Calculate the remainder when 22112 is divided by 63.
62
What is the remainder when 3676 is divided by 283?
280
Calculate the remainder when 110533 is divided by 54.
49
What is the remainder when 2323 is divided by 448?
83
Calculate the remainder when 6593 is divided by 3285.
23
What is the remainder when 33571 is divided by 92?
83
What is the remainder when 4457 is divided by 648?
569
Calculate the remainder when 43 is divided by 3.
1
Calculate the remainder when 10698 is divided by 970.
28
Calculate the remainder when 3091 is divided by 442.
439
What is the remainder when 889 is divided by 113?
98
Calculate the remainder when 190 is divided by 99.
91
What is the remainder when 442 is divided by 132?
46
Calculate the remainder when 50418 is divided by 21.
18
Calculate the remainder when 1128099 is divided by 29.
28
What is the remainder when 1206 is divided by 83?
44
Calculate the remainder when 120860 is divided by 31.
22
Calculate the remainder when 9249 is divided by 4623.
3
Calculate the remainder when 2500 is divided by 123.
40
What is the remainder when 6523 is divided by 145?
143
Calculate the remainder when 149687 is divided by 154.
153
What is the remainder when 889 is divided by 117?
70
Calculate the remainder when 3921 is divided by 266.
197
What is the remainder when 7705 is divided by 78?
61
Calculate the remainder when 67465 is divided by 404.
401
What is the remainder when 68579 is divided by 54?
53
Calculate the remainder when 10398 is divided by 3448.
54
Calculate the remainder when 4332 is divided by 92.
8
Calculate the remainder when 2723 is divided by 79.
37
What is the remainder when 88422 is divided by 35?
12
What is the remainder when 1567438 is divided by 80?
78
What is the remainder when 373111 is divided by 22?
13
Calculate the remainder when 4025 is divided by 1949.
127
What is the remainder when 22529 is divided by 639?
164
What is the remainder when 1092322 is divided by 5?
2
Calculate the remainder when 17480 is divided by 77.
1
What is the remainder when 12033 is divided by 1321?
144
Calculate the remainder when 369 is divided by 182.
5
Calculate the remainder when 1488 is divided by 324.
192
Calculate the remainder when 32572 is divided by 4649.
29
Calculate the remainder when 83195 is divided by 58.
23
What is the remainder when 2582 is divided by 170?
32
What is the remainder when 29232 is divided by 7303?
20
What is the remainder when 274430 is divided by 274425?
5
What is the remainder when 65143 is divided by 479?
478
What is the remainder when 1350 is divided by 667?
16
Calculate the remainder when 166208 is divided by 486.
482
What is the remainder when 50080 is divided by 10011?
25
What is the remainder when 3911623 is divided by 225?
223
What is the remainder when 462210 is divided by 10271?
15
Calculate the remainder when 20953 is divided by 1610.
23
Calculate the remainder when 2105035 is divided by 188.
187
Calculate the remainder when 328917 is divided by 207.
201
Calculate the remainder when 14052 is divided by 481.
103
What is the remainder when 8086 is divided by 993?
142
What is the remainder when 114724 is divided by 2?
0
What is the remainder when 9717 is divided by 1540?
477
Calculate the remainder when 12821 is divided by 101.
95
Calculate the remainder when 1338 is divided by 31.
5
What is the remainder when 2230424 is divided by 557606?
0
Calculate the remainder when 18044 is divided by 28.
12
What is the remainder when 84886 is divided by 72?
70
Calculate the remainder when 874240 is divided by 28.
24
What is the remainder when 288918 is divided by 41272?
14
What is the remainder when 682 is divided by 665?
17
Calculate the remainder when 13087 is divided by 21.
4
What is the remainder when 190377 is divided by 190370?
7
Calculate the remainder when 498849 is divided by 33256.
9
Calculate the remainder when 45682 is divided by 35.
7
Calculate the remainder when 27880 is divided by 33.
28
Calculate the remainder when 32206 is divided by 97.
2
Calculate the remainder when 8202 is divided by 745.
7
What is the remainder when 13103 is divided by 1632?
47
Calculate the remainder when 164889 is divided by 54946.
51
What is the remainder when 60997 is divided by 3809?
53
Calculate the remainder when 1385553 is divided by 228.
225
What is the remainder when 863 is divided by 422?
19
What is the remainder when 133 is divided by 38?
19
What is the remainder when 6410 is divided by 39?
14
What is the remainder when 52099 is divided by 25967?
165
Calculate the remainder when 10165 is divided by 484.
1
What is the remainder when 127168 is divided by 914?
122
Calculate the remainder when 18745 is divided by 1422.
259
Calculate the remainder when 248538 is divided by 41.
37
What is the remainder when 24399 is divided by 21?
18
What is the remainder when 40055 is divided by 20009?
37
Calculate the remainder when 1547 is divided by 195.
182
Calculate the remainder when 11520 is divided by 256.
0
What is the remainder when 108230 is divided by 1866?
2
Calculate the remainder when 7403 is divided by 165.
143
What is the remainder when 57929 is divided by 8270?
39
What is the remainder when 4405808 is divided by 10?
8
What is the remainder when 26638 is divided by 5182?
728
Calculate the remainder when 42941 is divided by 18.
11
What is the remainder when 2343 is divided by 333?
12
What is the remainder when 4656 is divided by 211?
14
What is the remainder when 66681 is divided by 16667?
13
What is the remainder when 559218 is divided by 81?
75
What is the remainder when 40933 is divided by 42?
25
Calculate the remainder when 8364 is divided by 94.
92
Calculate the remainder when 7864 is divided by 131.
4
Calculate the remainder when 940 is divided by 59.
55
What is the remainder when 113694 is divided by 2367?
78
What is the remainder when 7755 is divided by 136?
3
What is the remainder when 277366 is divided by 394?
384
What is the remainder when 314901 is divided by 154?
125
Calculate the remainder when 39837 is divided by 1284.
33
Calculate the remainder when 80891 is divided by 2379.
5
What is the remainder when 53265 is divided by 36?
21
What is the remainder when 86399 is divided by 547?
520
What is the remainder when 588251 is divided by 12?
11
What is the remainder when 282743 is divided by 231?
230
What is the remainder when 137661 is divided by 241?
50
What is the remainder when 12765 is divided by 26?
25
What is the remainder when 61971 is divided by 20657?
0
What is the remaind